{"id":37,"date":"2023-10-24T17:11:29","date_gmt":"2023-10-24T15:11:29","guid":{"rendered":"https:\/\/k-geosens.beebox.de\/info\/quellennachweis\/"},"modified":"2023-11-28T13:00:45","modified_gmt":"2023-11-28T12:00:45","slug":"quellennachweis","status":"publish","type":"page","link":"https:\/\/k-geosens.beebox.de\/info\/juris\/quellennachweis\/","title":{"rendered":"Quellennachweis"},"content":{"rendered":"<p>[et_pb_section fb_built=&#8220;1&#8243; _builder_version=&#8220;4.23.1&#8243; _module_preset=&#8220;default&#8220; background_color=&#8220;#f0f0f0&#8243; box_shadow_style=&#8220;preset3&#8243; global_colors_info=&#8220;{}&#8220;][et_pb_row _builder_version=&#8220;4.23&#8243; _module_preset=&#8220;default&#8220; global_colors_info=&#8220;{}&#8220;][et_pb_column type=&#8220;4_4&#8243; _builder_version=&#8220;4.23&#8243; _module_preset=&#8220;default&#8220; global_colors_info=&#8220;{}&#8220;][et_pb_text admin_label=&#8220;Text &#8211; Headline Quellennachweis, Copyright&#8220; _builder_version=&#8220;4.23.1&#8243; _module_preset=&#8220;default&#8220; global_colors_info=&#8220;{}&#8220;]<\/p>\n<h1>Quellennachweis, Copyright<\/h1>\n<p>[\/et_pb_text][\/et_pb_column][\/et_pb_row][et_pb_row column_structure=&#8220;1_2,1_2&#8243; use_custom_gutter=&#8220;on&#8220; gutter_width=&#8220;2&#8243; make_equal=&#8220;on&#8220; _builder_version=&#8220;4.23.1&#8243; _module_preset=&#8220;default&#8220; global_colors_info=&#8220;{}&#8220;][et_pb_column type=&#8220;1_2&#8243; _builder_version=&#8220;4.23.1&#8243; _module_preset=&#8220;default&#8220; global_colors_info=&#8220;{}&#8220;][et_pb_text admin_label=&#8220;Text &#8211; Quellennachweis Intro 1&#8243; _builder_version=&#8220;4.23.1&#8243; _module_preset=&#8220;default&#8220; global_colors_info=&#8220;{}&#8220;]<\/p>\n<p>Alle Inhalte, Werke, Daten und das Design dieser Website sind urheberrechtlich gesch\u00fctzt.<\/p>\n<p>S\u00e4mtliche Inhalte dienen ausschlie\u00dflich der pers\u00f6nlichen Information. Jegliche Bearbeitung, Vervielf\u00e4ltigung, Verbreitung und \u00f6ffentliche Wiedergabe ist untersagt und wird somit bei Zuwiderhandlung strafrechtlich verfolgt und zum Schadensersatz verpflichtet. Die \u00dcbernahme, Ver\u00f6ffentlichung oder Nutzung von Texten, Bildern oder anderen Daten bedarf der ausdr\u00fccklichen und schriftlichen Zustimmung der zuvor und im Quellennachweis aufgef\u00fchrten Firmen und Personen.<\/p>\n<p>[\/et_pb_text][\/et_pb_column][et_pb_column type=&#8220;1_2&#8243; _builder_version=&#8220;4.23.1&#8243; _module_preset=&#8220;default&#8220; global_colors_info=&#8220;{}&#8220;][et_pb_text admin_label=&#8220;Text &#8211; Quellennachweis Intro 2&#8243; _builder_version=&#8220;4.23.1&#8243; _module_preset=&#8220;default&#8220; global_colors_info=&#8220;{}&#8220;]<\/p>\n<p>In dieser Website werden verschiedene Firmen-, Produkt- oder Servicenamen verwendet. Alle Unternehmens-, Produkt- oder Servicenamen bzw. deren Bezeichnungen k\u00f6nnen Waren- oder Dienstleistungszeichen oder eingetragene Waren- oder Dienstleistungszeichen anderer Unternehmen weltweit sein und sind als solche zu beachten.<\/p>\n<p>Soweit die Inhalte auf dieser Seite nicht vom Betreiber erstellt wurden, werden die Urheberrechte Dritter beachtet. Sollten Sie auf eine Urheberrechtsverletzung aufmerksam werden, bitten wir um einen entsprechenden Hinweis. Bei Bekanntwerden von Rechtsverletzungen werden derartige Inhalte umgehend entfernt.<\/p>\n<p>[\/et_pb_text][\/et_pb_column][\/et_pb_row][\/et_pb_section][et_pb_section fb_built=&#8220;1&#8243; _builder_version=&#8220;4.23&#8243; _module_preset=&#8220;default&#8220; global_colors_info=&#8220;{}&#8220;][et_pb_row _builder_version=&#8220;4.23&#8243; _module_preset=&#8220;default&#8220; global_colors_info=&#8220;{}&#8220;][et_pb_column type=&#8220;4_4&#8243; _builder_version=&#8220;4.23&#8243; _module_preset=&#8220;default&#8220; global_colors_info=&#8220;{}&#8220;][et_pb_text admin_label=&#8220;Text &#8211; Headline Quellennachweis Bildmotive&#8220; _builder_version=&#8220;4.23.1&#8243; _module_preset=&#8220;default&#8220; global_colors_info=&#8220;{}&#8220;]<\/p>\n<h3>Quellennachweis der Bildmotive<\/h3>\n<p>[\/et_pb_text][\/et_pb_column][\/et_pb_row][et_pb_row column_structure=&#8220;1_2,1_2&#8243; _builder_version=&#8220;4.23.1&#8243; _module_preset=&#8220;default&#8220; global_colors_info=&#8220;{}&#8220;][et_pb_column type=&#8220;1_2&#8243; _builder_version=&#8220;4.23.1&#8243; _module_preset=&#8220;default&#8220; global_colors_info=&#8220;{}&#8220;][et_pb_accordion icon_color=&#8220;#cc0000&#8243; use_icon_font_size=&#8220;on&#8220; icon_font_size=&#8220;24px&#8220; _builder_version=&#8220;4.23.1&#8243; _module_preset=&#8220;default&#8220; body_font_size=&#8220;90%&#8220; body_line_height=&#8220;1.4em&#8220; custom_margin=&#8220;||||false|false&#8220; global_colors_info=&#8220;{}&#8220;][et_pb_accordion_item title=&#8220;Startseite&#8220; open=&#8220;on&#8220; _builder_version=&#8220;4.23.1&#8243; _module_preset=&#8220;default&#8220; custom_margin=&#8220;0px||5px||false|false&#8220; custom_padding=&#8220;||||false|false&#8220; global_colors_info=&#8220;{}&#8220;]<\/p>\n<table width=\"100%\">\n<tbody>\n<tr>\n<th>Motiv<\/th>\n<th>Agentur\/Firma<\/th>\n<th>K\u00fcnstler<\/th>\n<\/tr>\n<tr>\n<td>Titelmotiv Weinberg<\/td>\n<td>Pexels<\/td>\n<td>Alex Staudinger<\/td>\n<\/tr>\n<tr>\n<td>Alte Industrie am Fluss<\/td>\n<td>Pexels<\/td>\n<td>Kelly<\/td>\n<\/tr>\n<tr>\n<td>2 Bauarbeiter auf Baustelle<\/td>\n<td>Pexels<\/td>\n<td>Mikael Blomkvist<\/td>\n<\/tr>\n<tr>\n<td>Pflanzenspr\u00f6ssling<\/td>\n<td>Pexels<\/td>\n<td>PhotoMIX Company<\/td>\n<\/tr>\n<tr>\n<td>Felssturz Feldberg<\/td>\n<td>GEOsens<\/td>\n<td>Team<\/td>\n<\/tr>\n<tr>\n<td>Stein im Wasser<\/td>\n<td>Pexels<\/td>\n<td>Andreea Airinei<\/td>\n<\/tr>\n<tr>\n<td>GEOsensmobil<\/td>\n<td>GEOsens<\/td>\n<td>Team<\/td>\n<\/tr>\n<tr>\n<td>Elektronikbox<\/td>\n<td>GEOsens<\/td>\n<td>Team<\/td>\n<\/tr>\n<tr>\n<td>Tablet Mobile Composing<\/td>\n<td>Pexels<\/td>\n<td>Cottonbro Studio<\/td>\n<\/tr>\n<\/tbody>\n<\/table>\n<p>[\/et_pb_accordion_item][et_pb_accordion_item title=&#8220;Seitenbereich Geotechnik &#038; Umweltdiagnostik&#8220; _builder_version=&#8220;4.23.1&#8243; _module_preset=&#8220;default&#8220; custom_margin=&#8220;0px||5px||false|false&#8220; custom_padding=&#8220;||||false|false&#8220; global_colors_info=&#8220;{}&#8220; open=&#8220;off&#8220;]<\/p>\n<table width=\"100%\">\n<tbody>\n<tr>\n<th>Motiv<\/th>\n<th>Agentur\/Firma<\/th>\n<th>K\u00fcnstler<\/th>\n<\/tr>\n<tr>\n<td>Titelmotiv Analyse\/Bewertung\/Gutachten<br \/>Report, Heft, Stift<\/td>\n<td>iStock Photo<\/td>\n<td>utah778<\/td>\n<\/tr>\n<tr>\n<td>Titelmotiv Geotechnik\/Bodenuntersuchung<br \/>Bauarbeiter bei Inspektion<\/td>\n<td>iStock Photo<\/td>\n<td>SeventyFour<\/td>\n<\/tr>\n<tr>\n<td>Titelmotiv Altlasten\/Schadstoffe<br \/>Verseuchter Boden<\/td>\n<td>iStock Photo<\/td>\n<td>HeidlossTilo GeringswaldFelix GbR<\/td>\n<\/tr>\n<tr>\n<td>Titelmotiv R\u00fcckbau\/Sanierung<br \/>Baustelle Erdarbeiten<\/td>\n<td>GEOsens<\/td>\n<td>Team<\/td>\n<\/tr>\n<tr>\n<td>Titelmotiv Umweltmonitoring<br \/>Pflanzenspr\u00f6ssling im Regen<\/td>\n<td>iStock Photo<\/td>\n<td>tuk69tuk<\/td>\n<\/tr>\n<\/tbody>\n<\/table>\n<p>[\/et_pb_accordion_item][et_pb_accordion_item title=&#8220;Seitenbereich System- &#038; Software-Entwicklung&#8220; _builder_version=&#8220;4.23.1&#8243; _module_preset=&#8220;default&#8220; custom_margin=&#8220;0px||5px||false|false&#8220; custom_padding=&#8220;||||false|false&#8220; global_colors_info=&#8220;{}&#8220; open=&#8220;off&#8220;]<\/p>\n<table width=\"100%\">\n<tbody>\n<tr>\n<th>Motiv<\/th>\n<th>Agentur\/Firma<\/th>\n<th>K\u00fcnstler<\/th>\n<\/tr>\n<tr>\n<td><\/td>\n<td><\/td>\n<td><\/td>\n<\/tr>\n<tr>\n<td><\/td>\n<td><\/td>\n<td><\/td>\n<\/tr>\n<tr>\n<td><\/td>\n<td><\/td>\n<td><\/td>\n<\/tr>\n<tr>\n<td><\/td>\n<td><\/td>\n<td><\/td>\n<\/tr>\n<tr>\n<td><\/td>\n<td><\/td>\n<td><\/td>\n<\/tr>\n<\/tbody>\n<\/table>\n<p>[\/et_pb_accordion_item][et_pb_accordion_item title=&#8220;Seiten Unternehmen, Karriere, Service&#8220; _builder_version=&#8220;4.23.1&#8243; _module_preset=&#8220;default&#8220; custom_margin=&#8220;0px||5px||false|false&#8220; custom_padding=&#8220;||||false|false&#8220; global_colors_info=&#8220;{}&#8220; open=&#8220;off&#8220;]<\/p>\n<table width=\"100%\">\n<tbody>\n<tr>\n<th>Motiv<\/th>\n<th>Agentur\/Firma<\/th>\n<th>K\u00fcnstler<\/th>\n<\/tr>\n<tr>\n<td>Titelmotiv Unternehmen<br \/>Maulwurf<\/td>\n<td>Pixabay<\/td>\n<td>Beeki<\/td>\n<\/tr>\n<tr>\n<td>Titelmotiv Karriere<br \/>Gipfelst\u00fcrmer<\/td>\n<td>iStock Photo<\/td>\n<td>LoveTheWind<\/td>\n<\/tr>\n<tr>\n<td>Titelmotiv Service<\/td>\n<td>n\/a<\/td>\n<td>n\/a<\/td>\n<\/tr>\n<\/tbody>\n<\/table>\n<p>[\/et_pb_accordion_item][et_pb_accordion_item title=&#8220;Seitenbereich Rechtliches &#038; Kontakt&#8220; _builder_version=&#8220;4.23.1&#8243; _module_preset=&#8220;default&#8220; custom_margin=&#8220;0px||5px||false|false&#8220; custom_padding=&#8220;||||false|false&#8220; global_colors_info=&#8220;{}&#8220; open=&#8220;off&#8220;]<\/p>\n<table width=\"100%\">\n<tbody>\n<tr>\n<th>Motiv<\/th>\n<th>Agentur\/Firma<\/th>\n<th>K\u00fcnstler<\/th>\n<\/tr>\n<tr>\n<td>Titelmotiv Impressum<br \/>Brille auf Buch<\/td>\n<td>Pixabay<\/td>\n<td>Dariusz Sankowski<\/td>\n<\/tr>\n<tr>\n<td>Titelmotiv Datenschutz<\/td>\n<td>n\/a<\/td>\n<td>n\/a<\/td>\n<\/tr>\n<tr>\n<td>Titelmotiv Cookie-Richtlinie<br \/>Kekse mit Kr\u00fcmel<\/td>\n<td>Pixabay<\/td>\n<td>Fabiano Pimentel<\/td>\n<\/tr>\n<tr>\n<td>Titelmotiv Kontakt<br \/>Felskletterer<\/td>\n<td>Pexels<\/td>\n<td>Daniel Torobekov<\/td>\n<\/tr>\n<tr>\n<td>Titelmotiv Quellennachweis<\/td>\n<td>n\/a<\/td>\n<td>n\/a<\/td>\n<\/tr>\n<\/tbody>\n<\/table>\n<p>[\/et_pb_accordion_item][\/et_pb_accordion][\/et_pb_column][et_pb_column type=&#8220;1_2&#8243; _builder_version=&#8220;4.23.1&#8243; _module_preset=&#8220;default&#8220; global_colors_info=&#8220;{}&#8220;][et_pb_accordion icon_color=&#8220;#cc0000&#8243; use_icon_font_size=&#8220;on&#8220; icon_font_size=&#8220;24px&#8220; _builder_version=&#8220;4.23.1&#8243; _module_preset=&#8220;default&#8220; body_font_size=&#8220;90%&#8220; body_line_height=&#8220;1.4em&#8220; custom_margin=&#8220;||||false|false&#8220; hover_enabled=&#8220;0&#8243; global_colors_info=&#8220;{}&#8220; sticky_enabled=&#8220;0&#8243;][et_pb_accordion_item title=&#8220;\u00dcbersichtseite Projekte&#8220; open=&#8220;on&#8220; _builder_version=&#8220;4.23.1&#8243; _module_preset=&#8220;default&#8220; custom_margin=&#8220;0px||5px||false|false&#8220; custom_padding=&#8220;||||false|false&#8220; hover_enabled=&#8220;0&#8243; global_colors_info=&#8220;{}&#8220; sticky_enabled=&#8220;0&#8243;]<\/p>\n<table width=\"100%\">\n<tbody>\n<tr>\n<th>Motiv<\/th>\n<th>Agentur\/Firma<\/th>\n<th>K\u00fcnstler<\/th>\n<\/tr>\n<tr>\n<td>Titelmotiv Kamera<\/td>\n<td>Pixabay<\/td>\n<td>PhotoMIX Company<\/td>\n<\/tr>\n<tr>\n<td>Staufen Altstadt<\/td>\n<td>Pixabay<\/td>\n<td>Alexander Baetz<\/td>\n<\/tr>\n<tr>\n<td>Hangrutschung Winkelgrat<\/td>\n<td>GEOsens<\/td>\n<td>Team<\/td>\n<\/tr>\n<tr>\n<td>VitiMeteo Weinreben<\/td>\n<td>Pexels<\/td>\n<td>Mali Maeder<\/td>\n<\/tr>\n<tr>\n<td>R\u00fcckbau Bagger im Erdloch<\/td>\n<td>GEOsens<\/td>\n<td>Team<\/td>\n<\/tr>\n<tr>\n<td>Stra\u00dfensicherung unter Fels<\/td>\n<td>GEOsens<\/td>\n<td>Team<\/td>\n<\/tr>\n<tr>\n<td>Windkraftanlage Schwarzwald<\/td>\n<td>iStock Photo<\/td>\n<td>David Hajnal<\/td>\n<\/tr>\n<\/tbody>\n<\/table>\n<p>[\/et_pb_accordion_item][et_pb_accordion_item title=&#8220;Projekt Bodenhebung Staufen&#8220; _builder_version=&#8220;4.23.1&#8243; _module_preset=&#8220;default&#8220; custom_margin=&#8220;0px||5px||false|false&#8220; custom_padding=&#8220;||||false|false&#8220; hover_enabled=&#8220;0&#8243; global_colors_info=&#8220;{}&#8220; open=&#8220;off&#8220; sticky_enabled=&#8220;0&#8243;]<\/p>\n<table width=\"100%\">\n<tbody>\n<tr>\n<th>Motiv<\/th>\n<th>Agentur\/Firma<\/th>\n<th>K\u00fcnstler<\/th>\n<\/tr>\n<tr>\n<td>Staufen Altstadt<\/td>\n<td>Pixabay<\/td>\n<td>Alexander Baetz<\/td>\n<\/tr>\n<tr>\n<td>Impression 1<\/td>\n<td>GEOsens<\/td>\n<td>Team<\/td>\n<\/tr>\n<tr>\n<td>Impression 2<\/td>\n<td>GEOsens<\/td>\n<td>Team<\/td>\n<\/tr>\n<tr>\n<td>Impression 3<\/td>\n<td>GEOsens<\/td>\n<td>Team<\/td>\n<\/tr>\n<tr>\n<td>Impression 4<\/td>\n<td>GEOsens<\/td>\n<td>Team<\/td>\n<\/tr>\n<tr>\n<td>Impression 5<\/td>\n<td>GEOsens<\/td>\n<td>Team<\/td>\n<\/tr>\n<tr>\n<td>Impression 6<\/td>\n<td>GEOsens<\/td>\n<td>Team<\/td>\n<\/tr>\n<\/tbody>\n<\/table>\n<p>[\/et_pb_accordion_item][et_pb_accordion_item title=&#8220;Projekt Hangrutschung Winkelgrat&#8220; _builder_version=&#8220;4.23.1&#8243; _module_preset=&#8220;default&#8220; custom_margin=&#8220;0px||5px||false|false&#8220; custom_padding=&#8220;||||false|false&#8220; global_colors_info=&#8220;{}&#8220; open=&#8220;off&#8220;]<\/p>\n<table width=\"100%\">\n<tbody>\n<tr>\n<th>Motiv<\/th>\n<th>Agentur\/Firma<\/th>\n<th>K\u00fcnstler<\/th>\n<\/tr>\n<tr>\n<td>Team am Hang<\/td>\n<td>GEOsens<\/td>\n<td>Team<\/td>\n<\/tr>\n<tr>\n<td>Impression 1<\/td>\n<td>GEOsens<\/td>\n<td>Team<\/td>\n<\/tr>\n<tr>\n<td>Impression 2<\/td>\n<td>GEOsens<\/td>\n<td>Team<\/td>\n<\/tr>\n<tr>\n<td>Impression 3<\/td>\n<td>GEOsens<\/td>\n<td>Team<\/td>\n<\/tr>\n<tr>\n<td>Impression 4<\/td>\n<td>GEOsens<\/td>\n<td>Team<\/td>\n<\/tr>\n<tr>\n<td>Impression 5<\/td>\n<td>GEOsens<\/td>\n<td>Team<\/td>\n<\/tr>\n<tr>\n<td>Impression 6<\/td>\n<td>GEOsens<\/td>\n<td>Team<\/td>\n<\/tr>\n<\/tbody>\n<\/table>\n<p>[\/et_pb_accordion_item][et_pb_accordion_item title=&#8220;Projekt VitiMeteo&#8220; _builder_version=&#8220;4.23.1&#8243; _module_preset=&#8220;default&#8220; custom_margin=&#8220;0px||5px||false|false&#8220; custom_padding=&#8220;||||false|false&#8220; global_colors_info=&#8220;{}&#8220; open=&#8220;off&#8220;]<\/p>\n<table width=\"100%\">\n<tbody>\n<tr>\n<th>Motiv<\/th>\n<th>Agentur\/Firma<\/th>\n<th>K\u00fcnstler<\/th>\n<\/tr>\n<tr>\n<td>VitiMeteo Weinreben<\/td>\n<td>Pexels<\/td>\n<td>Mali Maeder<\/td>\n<\/tr>\n<tr>\n<td>Impression 1<\/td>\n<td>GEOsens<\/td>\n<td>Team<\/td>\n<\/tr>\n<tr>\n<td>Impression 2<\/td>\n<td>GEOsens<\/td>\n<td>Team<\/td>\n<\/tr>\n<tr>\n<td>Impression 3<\/td>\n<td>GEOsens<\/td>\n<td>Team<\/td>\n<\/tr>\n<tr>\n<td>Impression 4<\/td>\n<td>GEOsens<\/td>\n<td>Team<\/td>\n<\/tr>\n<tr>\n<td>Impression 5<\/td>\n<td>GEOsens<\/td>\n<td>Team<\/td>\n<\/tr>\n<tr>\n<td>Impression 6<\/td>\n<td>GEOsens<\/td>\n<td>Team<\/td>\n<\/tr>\n<\/tbody>\n<\/table>\n<p>[\/et_pb_accordion_item][et_pb_accordion_item title=&#8220;Projekt R\u00fcckbau in Nordbaden&#8220; _builder_version=&#8220;4.23.1&#8243; _module_preset=&#8220;default&#8220; custom_margin=&#8220;0px||5px||false|false&#8220; custom_padding=&#8220;||||false|false&#8220; global_colors_info=&#8220;{}&#8220; open=&#8220;off&#8220;]<\/p>\n<table width=\"100%\">\n<tbody>\n<tr>\n<th>Motiv<\/th>\n<th>Agentur\/Firma<\/th>\n<th>K\u00fcnstler<\/th>\n<\/tr>\n<tr>\n<td>R\u00fcckbau Bagger im Erdloch<\/td>\n<td>GEOsens<\/td>\n<td>Team<\/td>\n<\/tr>\n<tr>\n<td>Impression 1<\/td>\n<td>GEOsens<\/td>\n<td>Team<\/td>\n<\/tr>\n<tr>\n<td>Impression 2<\/td>\n<td>GEOsens<\/td>\n<td>Team<\/td>\n<\/tr>\n<tr>\n<td>Impression 3<\/td>\n<td>GEOsens<\/td>\n<td>Team<\/td>\n<\/tr>\n<tr>\n<td>Impression 4<\/td>\n<td>GEOsens<\/td>\n<td>Team<\/td>\n<\/tr>\n<tr>\n<td>Impression 5<\/td>\n<td>GEOsens<\/td>\n<td>Team<\/td>\n<\/tr>\n<tr>\n<td>Impression 6<\/td>\n<td>GEOsens<\/td>\n<td>Team<\/td>\n<\/tr>\n<\/tbody>\n<\/table>\n<p>[\/et_pb_accordion_item][et_pb_accordion_item title=&#8220;Projekt Felssturz Feldberg&#8220; _builder_version=&#8220;4.23.1&#8243; _module_preset=&#8220;default&#8220; custom_margin=&#8220;0px||5px||false|false&#8220; custom_padding=&#8220;||||false|false&#8220; hover_enabled=&#8220;0&#8243; global_colors_info=&#8220;{}&#8220; open=&#8220;off&#8220; sticky_enabled=&#8220;0&#8243;]<\/p>\n<table width=\"100%\">\n<tbody>\n<tr>\n<th>Motiv<\/th>\n<th>Agentur\/Firma<\/th>\n<th>K\u00fcnstler<\/th>\n<\/tr>\n<tr>\n<td>Stra\u00dfensicherung unter Fels<\/td>\n<td>GEOsens<\/td>\n<td>Team<\/td>\n<\/tr>\n<tr>\n<td>Impression 1<\/td>\n<td>GEOsens<\/td>\n<td>Team<\/td>\n<\/tr>\n<tr>\n<td>Impression 2<\/td>\n<td>GEOsens<\/td>\n<td>Team<\/td>\n<\/tr>\n<tr>\n<td>Impression 3<\/td>\n<td>GEOsens<\/td>\n<td>Team<\/td>\n<\/tr>\n<tr>\n<td>Impression 4<\/td>\n<td>GEOsens<\/td>\n<td>Team<\/td>\n<\/tr>\n<tr>\n<td>Impression 5<\/td>\n<td>GEOsens<\/td>\n<td>Team<\/td>\n<\/tr>\n<tr>\n<td>Impression 6<\/td>\n<td>GEOsens<\/td>\n<td>Team<\/td>\n<\/tr>\n<tr>\n<td>Impression 7<\/td>\n<td>GEOsens<\/td>\n<td>Team<\/td>\n<\/tr>\n<tr>\n<td>Impression 8<\/td>\n<td>GEOsens<\/td>\n<td>Team<\/td>\n<\/tr>\n<\/tbody>\n<\/table>\n<p>[\/et_pb_accordion_item][et_pb_accordion_item title=&#8220;Projekt Baugrund f\u00fcr Windkraftanlage&#8220; _builder_version=&#8220;4.23.1&#8243; _module_preset=&#8220;default&#8220; custom_margin=&#8220;0px||5px||false|false&#8220; custom_padding=&#8220;||||false|false&#8220; global_colors_info=&#8220;{}&#8220; open=&#8220;off&#8220;]<\/p>\n<table width=\"100%\">\n<tbody>\n<tr>\n<th>Motiv<\/th>\n<th>Agentur\/Firma<\/th>\n<th>K\u00fcnstler<\/th>\n<\/tr>\n<tr>\n<td>Windkraftanlage Schwarzwald<\/td>\n<td>iStockPhoto<\/td>\n<td>David Hajnal<\/td>\n<\/tr>\n<tr>\n<td>Impression 1<\/td>\n<td>GEOsens<\/td>\n<td>Team<\/td>\n<\/tr>\n<tr>\n<td>Impression 2<\/td>\n<td>GEOsens<\/td>\n<td>Team<\/td>\n<\/tr>\n<tr>\n<td>Impression 3<\/td>\n<td>GEOsens<\/td>\n<td>Team<\/td>\n<\/tr>\n<tr>\n<td>Impression 4<\/td>\n<td>GEOsens<\/td>\n<td>Team<\/td>\n<\/tr>\n<tr>\n<td>Impression 5<\/td>\n<td>GEOsens<\/td>\n<td>Team<\/td>\n<\/tr>\n<tr>\n<td>Impression 6<\/td>\n<td>GEOsens<\/td>\n<td>Team<\/td>\n<\/tr>\n<\/tbody>\n<\/table>\n<p>[\/et_pb_accordion_item][\/et_pb_accordion][\/et_pb_column][\/et_pb_row][\/et_pb_section]<\/p>\n","protected":false},"excerpt":{"rendered":"<p>Quellennachweis, CopyrightAlle Inhalte, Werke, Daten und das Design dieser Website sind urheberrechtlich gesch\u00fctzt. S\u00e4mtliche Inhalte dienen ausschlie\u00dflich der pers\u00f6nlichen Information. Jegliche Bearbeitung, Vervielf\u00e4ltigung, Verbreitung und \u00f6ffentliche Wiedergabe ist untersagt und wird somit bei Zuwiderhandlung strafrechtlich verfolgt und zum Schadensersatz verpflichtet. Die \u00dcbernahme, Ver\u00f6ffentlichung oder Nutzung von Texten, Bildern oder anderen Daten bedarf der ausdr\u00fccklichen und schriftlichen Zustimmung der zuvor und im Quellennachweis aufgef\u00fchrten Firmen und Personen.In dieser Website werden verschiedene Firmen-, Produkt- oder Servicenamen verwendet. Alle Unternehmens-, Produkt- oder Servicenamen bzw. deren Bezeichnungen k\u00f6nnen Waren- oder Dienstleistungszeichen oder eingetragene Waren- oder Dienstleistungszeichen anderer Unternehmen weltweit sein und sind als solche zu beachten. Soweit die Inhalte auf dieser Seite nicht vom Betreiber erstellt wurden, werden die Urheberrechte Dritter beachtet. Sollten Sie auf eine Urheberrechtsverletzung aufmerksam werden, bitten wir um einen entsprechenden Hinweis. Bei Bekanntwerden von Rechtsverletzungen werden derartige Inhalte umgehend entfernt.Quellennachweis der Bildmotive Motiv Agentur\/Firma K\u00fcnstler Titelmotiv Weinberg Pexels Alex Staudinger Alte Industrie am Fluss Pexels Kelly 2 Bauarbeiter auf Baustelle Pexels Mikael Blomkvist Pflanzenspr\u00f6ssling Pexels PhotoMIX Company Felssturz Feldberg GEOsens Team Stein im Wasser Pexels Andreea Airinei GEOsensmobil GEOsens Team Elektronikbox GEOsens Team Tablet Mobile Composing Pexels Cottonbro Studio Motiv Agentur\/Firma K\u00fcnstler Titelmotiv Analyse\/Bewertung\/GutachtenReport, Heft, Stift iStock Photo utah778 Titelmotiv [&hellip;]<\/p>\n","protected":false},"author":1,"featured_media":0,"parent":261,"menu_order":6,"comment_status":"closed","ping_status":"closed","template":"","meta":{"_et_pb_use_builder":"on","_et_pb_old_content":"","_et_gb_content_width":"","footnotes":""},"class_list":["post-37","page","type-page","status-publish","hentry"],"_links":{"self":[{"href":"https:\/\/k-geosens.beebox.de\/info\/wp-json\/wp\/v2\/pages\/37","targetHints":{"allow":["GET"]}}],"collection":[{"href":"https:\/\/k-geosens.beebox.de\/info\/wp-json\/wp\/v2\/pages"}],"about":[{"href":"https:\/\/k-geosens.beebox.de\/info\/wp-json\/wp\/v2\/types\/page"}],"author":[{"embeddable":true,"href":"https:\/\/k-geosens.beebox.de\/info\/wp-json\/wp\/v2\/users\/1"}],"replies":[{"embeddable":true,"href":"https:\/\/k-geosens.beebox.de\/info\/wp-json\/wp\/v2\/comments?post=37"}],"version-history":[{"count":44,"href":"https:\/\/k-geosens.beebox.de\/info\/wp-json\/wp\/v2\/pages\/37\/revisions"}],"predecessor-version":[{"id":1653,"href":"https:\/\/k-geosens.beebox.de\/info\/wp-json\/wp\/v2\/pages\/37\/revisions\/1653"}],"up":[{"embeddable":true,"href":"https:\/\/k-geosens.beebox.de\/info\/wp-json\/wp\/v2\/pages\/261"}],"wp:attachment":[{"href":"https:\/\/k-geosens.beebox.de\/info\/wp-json\/wp\/v2\/media?parent=37"}],"curies":[{"name":"wp","href":"https:\/\/api.w.org\/{rel}","templated":true}]}}